is the hundred thousands digit of 3199815?
1
What is the hundred thousands digit of 10246412?
2
What is the tens digit of 12466824?
2
What is the units digit of 1604956?
6
What is the ten millions digit of 11701647?
1
What is the hundred thousands digit of 16076586?
0
What is the units digit of 2243864?
4
What is the units digit of 707180?
0
What is the hundred thousands digit of 2661486?
6
What is the thousands digit of 3952409?
2
What is the hundred thousands digit of 162416?
1
What is the tens digit of 9510295?
9
What is the units digit of 3430029?
9
What is the thousands digit of 449065?
9
What is the hundreds digit of 13833274?
2
What is the hundreds digit of 655710?
7
What is the tens digit of 1580749?
4
What is the hundred thousands digit of 6434966?
4
What is the hundreds digit of 774641?
6
What is the units digit of 149807?
7
What is the ten thousands digit of 15146751?
4
What is the millions digit of 1794315?
1
What is the ten millions digit of 11716462?
1
What is the ten thousands digit of 435055?
3
What is the hundred thousands digit of 265304?
2
What is the hundreds digit of 6486378?
3
What is the units digit of 813239?
9
What is the millions digit of 5071444?
5
What is the hundreds digit of 1759829?
8
What is the thousands digit of 724666?
4
What is the ten millions digit of 23040156?
2
What is the ten thousands digit of 361155?
6
What is the ten thousands digit of 119691?
1
What is the ten thousands digit of 263544?
6
What is the millions digit of 1714408?
1
What is the ten thousands digit of 9665425?
6
What is the tens digit of 273993?
9
What is the hundreds digit of 833451?
4
What is the units digit of 32030743?
3
What is the hundred thousands digit of 100805?
1
What is the hundred thousands digit of 1133332?
1
What is the thousands digit of 507242?
7
What is the hundreds digit of 2772288?
2
What is the millions digit of 4032522?
4
What is the thousands digit of 19067882?
7
What is the tens digit of 1123940?
4
What is the hundred thousands digit of 623945?
6
What is the thousands digit of 5855818?
5
What is the millions digit of 5287513?
5
What is the thousands digit of 1422463?
2
What is the ten thousands digit of 3302792?
0
What is the millions digit of 3832198?
3
What is the tens digit of 4429857?
5
What is the hundred thousands digit of 938144?
9
What is the hundreds digit of 1959423?
4
What is the units digit of 14075590?
0
What is the ten thousands digit of 517580?
1
What is the hundreds digit of 7690483?
4
What is the hundred thousands digit of 1311245?
3
What is the hundred thousands digit of 1256101?
2
What is the millions digit of 2401008?
2
What is the tens digit of 18586136?
3
What is the hundreds digit of 114716?
7
What is the hundreds digit of 24235729?
7
What is the ten thousands digit of 2221250?
2
What is the units digit of 248283?
3
What is the hundreds digit of 95057?
0
What is the tens digit of 13700366?
6
What is the millions digit of 2195175?
2
What is the hundred thousands digit of 12941675?
9
What is the ten thousands digit of 1609209?
0
What is the hundreds digit of 3624298?
2
What is the hundreds digit of 12678759?
7
What is the units digit of 137515?
5
What is the thousands digit of 160349?
0
What is the thousands digit of 28642273?
2
What is the tens digit of 737736?
3
What is the ten thousands digit of 1420382?
2
What is the millions digit of 1299561?
1
What is the hundred thousands digit of 6730867?
7
What is the hundred thousands digit of 40254651?
2
What is the units digit of 7465385?
5
What is the ten thousands digit of 3518848?
1
What is the millions digit of 4063444?
4
What is the thousands digit of 894324?
4
What is the units digit of 96531?
1
What is the thousands digit of 616860?
6
What is the tens digit of 219776?
7
What is the thousands digit of 837532?
7
What is the hundred thousands digit of 661866?
6
What is the units digit of 453390?
0
What is the millions digit of 6415876?
6
What is the ten thousands digit of 43016?
4
What is the ten thousands digit of 16990381?
9
What is the tens digit of 35778344?
4
What is the tens digit of 8390154?
5
What is the units digit of 25985?
5
What is the tens digit of 11999337?
3
What is the hundreds digit of 339481?
4
What is the thousands digit of 2552352?
2
What is the tens digit of 8749890?
9
What is the hundred thousands digit of 215664?
2
What is the tens digit of 615078?
7
What is the hundred thousands digit of 2406552?
4
What is the units digit of 6486546?
6
What is the tens digit of 445314?
1
What is the thousands digit of 2671373?
1
What is the hundreds digit of 4013047?
0
What is the thousands digit of 489908?
9
What is the ten thousands digit of 1787454?
8
What is the thousands digit of 23972636?
2
What is the ten millions digit of 17624048?
1
What is the hundred thousands digit of 1542195?
5
What is the hundred thousands digit of 2205983?
2
What is the hundred thousands digit of 12364186?
3
What is the hundred thousands digit of 134305?
1
What is the tens digit of 717893?
9
What is the hundreds digit of 589621?
6
What is the hundred thousands digit of 270749?
2
What is the hundreds digit of 8672032?
0
What is the hundred thousands digit of 1092835?
0
What is the tens digit of 1495204?
0
What is the tens digit of 12668030?
3
What is the hundred thousands digit of 7690946?
6
What is the tens digit of 30400764?
6
What is the hundreds digit of 989750?
7
What is the thousands digit of 10989343?
9
What is the hundred thousands digit of 1857418?
8
What is the thousands digit of 6154960?
4
What is the hundred thousands digit of 184847?
1
What is the thousands digit of 19144859?
4
What is the hundred thousands digit of 8037845?
0
What is the ten thousands digit of 1297516?
9
What is the tens digit of 6009819?
1
What is the ten thousands digit of 1866151?
6
What is the hundred thousands digit of 443700?
4
What is the units digit of 2914899?
9
What is the ten thousands digit of 1217898?
1
What is the units digit of 342760?
0
What is the tens digit of 119979?
7
What is the hundred thousands digit of 4627835?
6
What is the millions digit of 26209178?
6
What is the ten thousands digit of 2148894?
4
What is the ten thousands digit of 572678?
7
What is the units digit of 589507?
7
What is the ten thousands digit of 19901802?
0
What is the hundreds digit of 537358?
3
What is the hundred thousands digit of 830322?
8
What is the millions digit of 3003848?
3
What is the units digit of 131246?
6
What is the thousands digit of 414580?
4
What is the hundred thousands digit of 420221?
4
What is the units digit of 16896319?
9
What is the hundreds digit of 469745?
7
What is the units digit of 3815529?
9
What is the tens digit of 89022?
2
What is the tens digit of 502228?
2
What is the hundreds digit of 795976?
9
What is the units digit of 840418?
8
What is the hundred thousands digit of 628716?
6
What is the units digit of 20108857?
7
What is the units digit of 823116?
6
What is the millions digit of 10203478?
0
What is the thousands digit of 14765502?
5
What is the hundred thousands digit of 960568?
9
What is the hundred thousands digit of 437892?
4
What is the tens digit of 18028912?
1
What is the ten thousands digit of 36755?
3
What is the hundred thousands digit of 228536?
2
What is the hundred thousands digit of 1982775?
9
What is the thousands digit of 3628452?
8
What is the hundreds digit of 1012769?
7
What is the ten thousands digit of 4378138?
7
What is the hundred thousands digit of 7349936?
3
What is the tens digit of 574678?
7
What is the thousands digit of 715228?
5
What is the thousands digit of 126794?
6
What is the thousands digit of 21865088?
5
What is the units digit of 197136?
6
What is the units digit of 684866?
6
What is the units digit of 25063754?
4
What is the millions digit of 5493907?
5
What is the units digit of 18549174?
4
What is the ten thousands digit of 169018?
6
What is the units digit of 82521?
1
What is the hundreds digit of 380076?
0
What is the tens digit of 425531?
3
What is the units digit of 756459?
9
What is the hundred thousands digit of 225000?
2
What is the units digit of 497594?
4
What is the thousands digit of 606288?
6
What is the tens digit of 887855?
5
What is the thousands digit of 2128949?
8
What is the hundre